{"id":75,"date":"2016-04-25T11:15:17","date_gmt":"2016-04-25T10:15:17","guid":{"rendered":"http:\/\/le-herisson-ramoneur.fr\/?page_id=75"},"modified":"2023-12-26T11:58:00","modified_gmt":"2023-12-26T10:58:00","slug":"contacts","status":"publish","type":"page","link":"https:\/\/www.le-herisson-ramoneur.fr\/index.php\/contacts\/","title":{"rendered":"Contacts"},"content":{"rendered":"<div class=\"wpforms-container wpforms-container-full wpforms-block wpforms-block-1e4a04a9-9c04-44ae-88c4-7eff12411e43 wpforms-render-modern\" id=\"wpforms-1237\"><form id=\"wpforms-form-1237\" class=\"wpforms-validate wpforms-form wpforms-ajax-form\" data-formid=\"1237\" method=\"post\" enctype=\"multipart\/form-data\" action=\"\/index.php\/wp-json\/wp\/v2\/pages\/75\" data-token=\"4dfe1411a2383d46aad1e29465c4676f\" data-token-time=\"1776402585\"><noscript class=\"wpforms-error-noscript\">Veuillez activer JavaScript dans votre navigateur pour remplir ce formulaire.<\/noscript><div class=\"wpforms-hidden\" id=\"wpforms-error-noscript\">Veuillez activer JavaScript dans votre navigateur pour remplir ce formulaire.<\/div><div class=\"wpforms-field-container\"><div id=\"wpforms-1237-field_0-container\" class=\"wpforms-field wpforms-field-name\" data-field-id=\"0\"><label class=\"wpforms-field-label\" for=\"wpforms-1237-field_0\">NOM Pr\u00e9nom <span class=\"wpforms-required-label\" aria-hidden=\"true\">*<\/span><\/label><input type=\"text\" id=\"wpforms-1237-field_0\" class=\"wpforms-field-medium wpforms-field-required\" name=\"wpforms[fields][0]\" aria-errormessage=\"wpforms-1237-field_0-error\" required><\/div><div id=\"wpforms-1237-field_7-container\" class=\"wpforms-field wpforms-field-checkbox\" data-field-id=\"7\"><fieldset><legend class=\"wpforms-field-label wpforms-label-hide\" aria-hidden=\"false\"><\/legend><ul id=\"wpforms-1237-field_7\"><li class=\"choice-1 depth-1\"><input type=\"checkbox\" id=\"wpforms-1237-field_7_1\" name=\"wpforms[fields][7][]\" value=\"D\u00e9j\u00e0 client\" aria-errormessage=\"wpforms-1237-field_7_1-error\"  ><label class=\"wpforms-field-label-inline\" for=\"wpforms-1237-field_7_1\">D\u00e9j\u00e0 client<\/label><\/li><\/ul><\/fieldset><\/div><div id=\"wpforms-1237-field_3-container\" class=\"wpforms-field wpforms-field-text\" data-field-id=\"3\"><label class=\"wpforms-field-label\" for=\"wpforms-1237-field_3\">Num\u00e9ro de t\u00e9l\u00e9phone <span class=\"wpforms-required-label\" aria-hidden=\"true\">*<\/span><\/label><input type=\"text\" id=\"wpforms-1237-field_3\" class=\"wpforms-field-medium wpforms-field-required\" name=\"wpforms[fields][3]\" aria-errormessage=\"wpforms-1237-field_3-error\" required><\/div><div id=\"wpforms-1237-field_1-container\" class=\"wpforms-field wpforms-field-email\" data-field-id=\"1\"><label class=\"wpforms-field-label\" for=\"wpforms-1237-field_1\">E-mail <span class=\"wpforms-required-label\" aria-hidden=\"true\">*<\/span><\/label><input type=\"email\" id=\"wpforms-1237-field_1\" class=\"wpforms-field-medium wpforms-field-required\" name=\"wpforms[fields][1]\" spellcheck=\"false\" aria-errormessage=\"wpforms-1237-field_1-error\" required><\/div><div id=\"wpforms-1237-field_4-container\" class=\"wpforms-field wpforms-field-text\" data-field-id=\"4\"><label class=\"wpforms-field-label\" for=\"wpforms-1237-field_4\">Commune <span class=\"wpforms-required-label\" aria-hidden=\"true\">*<\/span><\/label><input type=\"text\" id=\"wpforms-1237-field_4\" class=\"wpforms-field-medium wpforms-field-required\" name=\"wpforms[fields][4]\" aria-errormessage=\"wpforms-1237-field_4-error\" required><\/div><div id=\"wpforms-1237-field_5-container\" class=\"wpforms-field wpforms-field-select wpforms-field-select-style-classic\" data-field-id=\"5\"><label class=\"wpforms-field-label\" for=\"wpforms-1237-field_5\">Type de conduit <span class=\"wpforms-required-label\" aria-hidden=\"true\">*<\/span><\/label><select id=\"wpforms-1237-field_5\" class=\"wpforms-field-medium wpforms-field-required\" name=\"wpforms[fields][5]\" required=\"required\"><option value=\"-- S\u00e9lectionner --\" >&#8212; S\u00e9lectionner &#8212;<\/option><option value=\"Ma\u00e7onn\u00e9\" >Ma\u00e7onn\u00e9<\/option><option value=\"Tubage (gaine)\" >Tubage (gaine)<\/option><option value=\"Conduit isol\u00e9\" >Conduit isol\u00e9<\/option><option value=\"Ne sait pas\" >Ne sait pas<\/option><option value=\"Rien pour l&#039;instant\" >Rien pour l&#039;instant<\/option><\/select><\/div><div id=\"wpforms-1237-field_6-container\" class=\"wpforms-field wpforms-field-select wpforms-field-select-style-classic\" data-field-id=\"6\"><label class=\"wpforms-field-label\" for=\"wpforms-1237-field_6\">Type de chauffage <span class=\"wpforms-required-label\" aria-hidden=\"true\">*<\/span><\/label><select id=\"wpforms-1237-field_6\" class=\"wpforms-field-medium wpforms-field-required\" name=\"wpforms[fields][6]\" required=\"required\"><option value=\"-- S\u00e9lectionner --\" >&#8212; S\u00e9lectionner &#8212;<\/option><option value=\"Insert\" >Insert<\/option><option value=\"Insert \u00e0 granul\u00e9s\" >Insert \u00e0 granul\u00e9s<\/option><option value=\"Po\u00eale \u00e0 bois\" >Po\u00eale \u00e0 bois<\/option><option value=\"Po\u00eale \u00e0 granul\u00e9s\" >Po\u00eale \u00e0 granul\u00e9s<\/option><option value=\"Chaudi\u00e8re bois\" >Chaudi\u00e8re bois<\/option><option value=\"Chaudi\u00e8re granul\u00e9s\" >Chaudi\u00e8re granul\u00e9s<\/option><option value=\"Foyer ouvert\" >Foyer ouvert<\/option><option value=\"Rien pour l&#039;instant\" >Rien pour l&#039;instant<\/option><\/select><\/div><div id=\"wpforms-1237-field_2-container\" class=\"wpforms-field wpforms-field-textarea\" data-field-id=\"2\"><label class=\"wpforms-field-label\" for=\"wpforms-1237-field_2\">Commentaire ou message <span class=\"wpforms-required-label\" aria-hidden=\"true\">*<\/span><\/label><textarea id=\"wpforms-1237-field_2\" class=\"wpforms-field-medium wpforms-field-required\" name=\"wpforms[fields][2]\" aria-errormessage=\"wpforms-1237-field_2-error\" aria-describedby=\"wpforms-1237-field_2-description\" required><\/textarea><div id=\"wpforms-1237-field_2-description\" class=\"wpforms-field-description\">Veuillez renseigner le motif de votre demande<\/div><\/div><\/div><!-- .wpforms-field-container --><div class=\"wpforms-recaptcha-container wpforms-is-recaptcha wpforms-is-recaptcha-type-invisible\" ><div class=\"g-recaptcha\" data-sitekey=\"6LfeozwpAAAAAKzk8bHmX0n14JmartriB6vrAuPD\" data-size=\"invisible\"><\/div><\/div><div class=\"wpforms-submit-container\" ><input type=\"hidden\" name=\"wpforms[id]\" value=\"1237\"><input type=\"hidden\" name=\"page_title\" value=\"\"><input type=\"hidden\" name=\"page_url\" value=\"https:\/\/www.le-herisson-ramoneur.fr\/index.php\/wp-json\/wp\/v2\/pages\/75\"><input type=\"hidden\" name=\"url_referer\" value=\"\"><button type=\"submit\" name=\"wpforms[submit]\" id=\"wpforms-submit-1237\" class=\"wpforms-submit\" data-alt-text=\"Envoi...\" data-submit-text=\"Envoyer\" aria-live=\"assertive\" value=\"wpforms-submit\">Envoyer<\/button><img loading=\"lazy\" decoding=\"async\" src=\"https:\/\/www.le-herisson-ramoneur.fr\/wp-content\/plugins\/wpforms-lite\/assets\/images\/submit-spin.svg\" class=\"wpforms-submit-spinner\" style=\"display: none;\" width=\"26\" height=\"26\" alt=\"Chargement en cours\"><\/div><\/form><\/div>  <!-- .wpforms-container -->","protected":false},"excerpt":{"rendered":"","protected":false},"author":2,"featured_media":0,"parent":0,"menu_order":0,"comment_status":"closed","ping_status":"closed","template":"","meta":{"footnotes":""},"class_list":["post-75","page","type-page","status-publish","hentry"],"aioseo_notices":[],"_links":{"self":[{"href":"https:\/\/www.le-herisson-ramoneur.fr\/index.php\/wp-json\/wp\/v2\/pages\/75","targetHints":{"allow":["GET"]}}],"collection":[{"href":"https:\/\/www.le-herisson-ramoneur.fr\/index.php\/wp-json\/wp\/v2\/pages"}],"about":[{"href":"https:\/\/www.le-herisson-ramoneur.fr\/index.php\/wp-json\/wp\/v2\/types\/page"}],"author":[{"embeddable":true,"href":"https:\/\/www.le-herisson-ramoneur.fr\/index.php\/wp-json\/wp\/v2\/users\/2"}],"replies":[{"embeddable":true,"href":"https:\/\/www.le-herisson-ramoneur.fr\/index.php\/wp-json\/wp\/v2\/comments?post=75"}],"version-history":[{"count":17,"href":"https:\/\/www.le-herisson-ramoneur.fr\/index.php\/wp-json\/wp\/v2\/pages\/75\/revisions"}],"predecessor-version":[{"id":1246,"href":"https:\/\/www.le-herisson-ramoneur.fr\/index.php\/wp-json\/wp\/v2\/pages\/75\/revisions\/1246"}],"wp:attachment":[{"href":"https:\/\/www.le-herisson-ramoneur.fr\/index.php\/wp-json\/wp\/v2\/media?parent=75"}],"curies":[{"name":"wp","href":"https:\/\/api.w.org\/{rel}","templated":true}]}}