{"id":65,"date":"2016-04-25T11:10:26","date_gmt":"2016-04-25T10:10:26","guid":{"rendered":"http:\/\/le-herisson-ramoneur.fr\/?page_id=65"},"modified":"2024-02-19T09:49:56","modified_gmt":"2024-02-19T08:49:56","slug":"charnwood","status":"publish","type":"page","link":"https:\/\/www.le-herisson-ramoneur.fr\/index.php\/charnwood\/","title":{"rendered":"CHARNWOOD"},"content":{"rendered":"<p style=\"text-align: center;\"><a href=\"https:\/\/www.le-herisson-ramoneur.fr\/wp-content\/uploads\/2024\/02\/poele-a-bois-C-FIVE-Charnwood-Le-Herisson-Ramoneur-Ussel-scaled.jpg\"><img loading=\"lazy\" decoding=\"async\" class=\"size-medium wp-image-1256 aligncenter\" src=\"https:\/\/www.le-herisson-ramoneur.fr\/wp-content\/uploads\/2024\/02\/poele-a-bois-C-FIVE-Charnwood-Le-Herisson-Ramoneur-Ussel-220x300.jpg\" alt=\"\" width=\"220\" height=\"300\" srcset=\"https:\/\/www.le-herisson-ramoneur.fr\/wp-content\/uploads\/2024\/02\/poele-a-bois-C-FIVE-Charnwood-Le-Herisson-Ramoneur-Ussel-220x300.jpg 220w, https:\/\/www.le-herisson-ramoneur.fr\/wp-content\/uploads\/2024\/02\/poele-a-bois-C-FIVE-Charnwood-Le-Herisson-Ramoneur-Ussel-752x1024.jpg 752w, https:\/\/www.le-herisson-ramoneur.fr\/wp-content\/uploads\/2024\/02\/poele-a-bois-C-FIVE-Charnwood-Le-Herisson-Ramoneur-Ussel-768x1046.jpg 768w, https:\/\/www.le-herisson-ramoneur.fr\/wp-content\/uploads\/2024\/02\/poele-a-bois-C-FIVE-Charnwood-Le-Herisson-Ramoneur-Ussel-1128x1536.jpg 1128w, https:\/\/www.le-herisson-ramoneur.fr\/wp-content\/uploads\/2024\/02\/poele-a-bois-C-FIVE-Charnwood-Le-Herisson-Ramoneur-Ussel-1504x2048.jpg 1504w, https:\/\/www.le-herisson-ramoneur.fr\/wp-content\/uploads\/2024\/02\/poele-a-bois-C-FIVE-Charnwood-Le-Herisson-Ramoneur-Ussel-scaled.jpg 1880w\" sizes=\"auto, (max-width: 220px) 100vw, 220px\" \/><\/a><\/p>\n<p style=\"text-align: center;\"><span style=\"font-size: 20px; font-family: Trebuchet MS, Geneva;\">Nous avons choisi d&rsquo;installer les po\u00eales \u00e0 bois <a href=\"https:\/\/www.charnwood.com\/fr\/\">Charnwood<\/a>, pour leur qualit\u00e9 et long\u00e9vit\u00e9.<\/span><\/p>\n<p style=\"text-align: center;\"><span style=\"font-size: 20px; font-family: Trebuchet MS, Geneva;\">Ils ont un c\u00f4t\u00e9 cosy, vintage mais aussi moderne.<\/span><\/p>\n<p style=\"text-align: center;\"><span style=\"text-decoration: underline; font-family: Trebuchet MS, Geneva;\"><span style=\"font-size: 24px;\">Le plus des po\u00eales Charnwood:<\/span><\/span><\/p>\n<p style=\"text-align: center;\"><span style=\"font-size: 20px; font-family: Trebuchet MS, Geneva;\"> Les mod\u00e8les se d\u00e9clinent dans de petites puissances, on peut donc les installer dans de petits volumes, dans les maisons r\u00e9nov\u00e9es, dans les maisons basses consommation ! Les po\u00eales Charnwood ont une conception \u00e9tanche, ils r\u00e9pondent aux exigences des constructions RT 2012 et maintenant RE 2020. Les po\u00eales \u00e9quip\u00e9s de la BLU Technologie sont conformes \u00e0 la norme <a href=\"https:\/\/www.poujoulat.fr\/fr\/energie-positive\/reglementation\/la-norme-ecodesign-2022-c-est-quoi\">Ecodesign<\/a> (programme Europ\u00e9en visant \u00e0 r\u00e9duire les \u00e9missions de polluants et am\u00e9liorer la qualit\u00e9 de l&rsquo;air).<br \/>\n<\/span><\/p>\n<p style=\"text-align: center;\"><span style=\"font-size: 20px; font-family: Trebuchet MS, Geneva;\"><a href=\"https:\/\/www.charnwood.com\/fr\/\">Vous pouvez visiter le site internet Charnwood<\/a><\/span><\/p>\n<p><a href=\"https:\/\/www.le-herisson-ramoneur.fr\/wp-content\/uploads\/2016\/04\/Po\u00eales-CHARNWOOD.jpg\"><img loading=\"lazy\" decoding=\"async\" class=\"size-medium wp-image-1162 aligncenter\" src=\"https:\/\/www.le-herisson-ramoneur.fr\/wp-content\/uploads\/2016\/04\/Po\u00eales-CHARNWOOD-300x169.jpg\" alt=\"Po\u00eales CHARNWOOD\" width=\"300\" height=\"169\" srcset=\"https:\/\/www.le-herisson-ramoneur.fr\/wp-content\/uploads\/2016\/04\/Po\u00eales-CHARNWOOD-300x169.jpg 300w, https:\/\/www.le-herisson-ramoneur.fr\/wp-content\/uploads\/2016\/04\/Po\u00eales-CHARNWOOD-768x432.jpg 768w, https:\/\/www.le-herisson-ramoneur.fr\/wp-content\/uploads\/2016\/04\/Po\u00eales-CHARNWOOD-1024x576.jpg 1024w, https:\/\/www.le-herisson-ramoneur.fr\/wp-content\/uploads\/2016\/04\/Po\u00eales-CHARNWOOD.jpg 1366w\" sizes=\"auto, (max-width: 300px) 100vw, 300px\" \/><\/a><\/p>\n","protected":false},"excerpt":{"rendered":"<p>Nous avons choisi d&rsquo;installer les po\u00eales \u00e0 bois Charnwood, pour leur qualit\u00e9 et long\u00e9vit\u00e9. Ils ont un c\u00f4t\u00e9 cosy, vintage mais aussi moderne. Le plus des po\u00eales Charnwood: Les mod\u00e8les <a class=\"more-link\" href=\"https:\/\/www.le-herisson-ramoneur.fr\/index.php\/charnwood\/\">Continue Reading \u2192<\/a><\/p>\n","protected":false},"author":2,"featured_media":946,"parent":0,"menu_order":0,"comment_status":"closed","ping_status":"closed","template":"","meta":{"footnotes":""},"class_list":["post-65","page","type-page","status-publish","has-post-thumbnail","hentry"],"aioseo_notices":[],"_links":{"self":[{"href":"https:\/\/www.le-herisson-ramoneur.fr\/index.php\/wp-json\/wp\/v2\/pages\/65","targetHints":{"allow":["GET"]}}],"collection":[{"href":"https:\/\/www.le-herisson-ramoneur.fr\/index.php\/wp-json\/wp\/v2\/pages"}],"about":[{"href":"https:\/\/www.le-herisson-ramoneur.fr\/index.php\/wp-json\/wp\/v2\/types\/page"}],"author":[{"embeddable":true,"href":"https:\/\/www.le-herisson-ramoneur.fr\/index.php\/wp-json\/wp\/v2\/users\/2"}],"replies":[{"embeddable":true,"href":"https:\/\/www.le-herisson-ramoneur.fr\/index.php\/wp-json\/wp\/v2\/comments?post=65"}],"version-history":[{"count":19,"href":"https:\/\/www.le-herisson-ramoneur.fr\/index.php\/wp-json\/wp\/v2\/pages\/65\/revisions"}],"predecessor-version":[{"id":1258,"href":"https:\/\/www.le-herisson-ramoneur.fr\/index.php\/wp-json\/wp\/v2\/pages\/65\/revisions\/1258"}],"wp:featuredmedia":[{"embeddable":true,"href":"https:\/\/www.le-herisson-ramoneur.fr\/index.php\/wp-json\/wp\/v2\/media\/946"}],"wp:attachment":[{"href":"https:\/\/www.le-herisson-ramoneur.fr\/index.php\/wp-json\/wp\/v2\/media?parent=65"}],"curies":[{"name":"wp","href":"https:\/\/api.w.org\/{rel}","templated":true}]}}