{"id":40,"date":"2016-04-25T10:10:05","date_gmt":"2016-04-25T09:10:05","guid":{"rendered":"http:\/\/le-herisson-ramoneur.fr\/?page_id=40"},"modified":"2017-01-13T21:53:55","modified_gmt":"2017-01-13T20:53:55","slug":"40-2","status":"publish","type":"page","link":"https:\/\/www.le-herisson-ramoneur.fr\/index.php\/40-2\/","title":{"rendered":"Le h\u00e9risson ramoneur | Notre r\u00f4le"},"content":{"rendered":"<p><img loading=\"lazy\" decoding=\"async\" class=\"size-full wp-image-8 alignleft\" src=\"https:\/\/www.le-herisson-ramoneur.fr\/wp-content\/uploads\/2016\/01\/le-herisson-ramoneur-logo-e1452509476288.jpg\" alt=\"le-herisson-ramoneur-logo\" width=\"300\" height=\"211\" \/><span id=\"transmark\"><\/span>Notre r\u00f4le est de nettoyer les installations et d&rsquo;en contr\u00f4ler le bon fonctionnement.<br \/>\nRamoner une chemin\u00e9e est essentiel pour votre s\u00e9curit\u00e9, il permet d&rsquo;\u00e9viter les incendies, il r\u00e9duit aussi la pollution atmosph\u00e9rique. Un conduit propre vous fait faire des \u00e9conomies, vous utiliserez moins de combustibles ainsi le rendement de votre appareil est optimal lorsque le ramonage est fait r\u00e9guli\u00e8rement. Il entraine donc une \u00e9conomie d&rsquo;\u00e9nergie : 1mm de suie \u00e9quivaut \u00e0\u00a0 10% de perte d&rsquo;\u00e9nergie.<br \/>\nLe ramonage est en outre obligatoire selon le code sanitaire mais aussi n\u00e9cessaire pour votre assurance habitation.<br \/>\nNous sommes \u00e9quip\u00e9s pour r\u00e9aliser les ramonages de conduits type \u00ab bois \u00bb.<\/p>\n","protected":false},"excerpt":{"rendered":"<p>Notre r\u00f4le est de nettoyer les installations et d&rsquo;en contr\u00f4ler le bon fonctionnement. Ramoner une chemin\u00e9e est essentiel pour votre s\u00e9curit\u00e9, il permet d&rsquo;\u00e9viter les incendies, il r\u00e9duit aussi la <a class=\"more-link\" href=\"https:\/\/www.le-herisson-ramoneur.fr\/index.php\/40-2\/\">Continue Reading \u2192<\/a><\/p>\n","protected":false},"author":2,"featured_media":10,"parent":0,"menu_order":0,"comment_status":"closed","ping_status":"closed","template":"","meta":{"footnotes":""},"class_list":["post-40","page","type-page","status-publish","has-post-thumbnail","hentry"],"aioseo_notices":[],"_links":{"self":[{"href":"https:\/\/www.le-herisson-ramoneur.fr\/index.php\/wp-json\/wp\/v2\/pages\/40","targetHints":{"allow":["GET"]}}],"collection":[{"href":"https:\/\/www.le-herisson-ramoneur.fr\/index.php\/wp-json\/wp\/v2\/pages"}],"about":[{"href":"https:\/\/www.le-herisson-ramoneur.fr\/index.php\/wp-json\/wp\/v2\/types\/page"}],"author":[{"embeddable":true,"href":"https:\/\/www.le-herisson-ramoneur.fr\/index.php\/wp-json\/wp\/v2\/users\/2"}],"replies":[{"embeddable":true,"href":"https:\/\/www.le-herisson-ramoneur.fr\/index.php\/wp-json\/wp\/v2\/comments?post=40"}],"version-history":[{"count":6,"href":"https:\/\/www.le-herisson-ramoneur.fr\/index.php\/wp-json\/wp\/v2\/pages\/40\/revisions"}],"predecessor-version":[{"id":253,"href":"https:\/\/www.le-herisson-ramoneur.fr\/index.php\/wp-json\/wp\/v2\/pages\/40\/revisions\/253"}],"wp:featuredmedia":[{"embeddable":true,"href":"https:\/\/www.le-herisson-ramoneur.fr\/index.php\/wp-json\/wp\/v2\/media\/10"}],"wp:attachment":[{"href":"https:\/\/www.le-herisson-ramoneur.fr\/index.php\/wp-json\/wp\/v2\/media?parent=40"}],"curies":[{"name":"wp","href":"https:\/\/api.w.org\/{rel}","templated":true}]}}